{"id":1053,"date":"2026-02-04T17:13:36","date_gmt":"2026-02-04T20:13:36","guid":{"rendered":"https:\/\/metasafety.com.br\/?page_id=1053"},"modified":"2026-02-04T17:47:36","modified_gmt":"2026-02-04T20:47:36","slug":"treinamento-de-nr33","status":"publish","type":"page","link":"https:\/\/metasafety.com.br\/index.php\/treinamento-de-nr33\/","title":{"rendered":"Treinamento de NR33"},"content":{"rendered":"\t\t<div data-elementor-type=\"wp-page\" data-elementor-id=\"1053\" class=\"elementor elementor-1053\">\n\t\t\t\t\t\t<section class=\"elementor-section elementor-top-section elementor-element elementor-element-4faadcfd elementor-section-boxed elementor-section-height-default elementor-section-height-default\" data-id=\"4faadcfd\" data-element_type=\"section\" data-e-type=\"section\">\n\t\t\t\t\t\t<div class=\"elementor-container elementor-column-gap-default\">\n\t\t\t\t\t<div class=\"elementor-column elementor-col-100 elementor-top-column elementor-element elementor-element-171e169a\" data-id=\"171e169a\" data-element_type=\"column\" data-e-type=\"column\">\n\t\t\t<div class=\"elementor-widget-wrap elementor-element-populated\">\n\t\t\t\t\t\t<div class=\"elementor-element elementor-element-9c5564e elementor-widget elementor-widget-heading\" data-id=\"9c5564e\" data-element_type=\"widget\" data-e-type=\"widget\" data-widget_type=\"heading.default\">\n\t\t\t\t<div class=\"elementor-widget-container\">\n\t\t\t\t\t<h6 class=\"elementor-heading-title elementor-size-default\">Trabalhador autorizado e vigia<\/h6>\t\t\t\t<\/div>\n\t\t\t\t<\/div>\n\t\t\t\t<section class=\"elementor-section elementor-inner-section elementor-element elementor-element-6a264cd elementor-section-boxed elementor-section-height-default elementor-section-height-default\" data-id=\"6a264cd\" data-element_type=\"section\" data-e-type=\"section\">\n\t\t\t\t\t\t<div class=\"elementor-container elementor-column-gap-default\">\n\t\t\t\t\t<div class=\"elementor-column elementor-col-50 elementor-inner-column elementor-element elementor-element-b383531\" data-id=\"b383531\" data-element_type=\"column\" data-e-type=\"column\">\n\t\t\t<div class=\"elementor-widget-wrap elementor-element-populated\">\n\t\t\t\t\t\t<div class=\"elementor-element elementor-element-f426d92 elementor-widget__width-initial elementor-widget elementor-widget-text-editor\" data-id=\"f426d92\" data-element_type=\"widget\" data-e-type=\"widget\" data-widget_type=\"text-editor.default\">\n\t\t\t\t<div class=\"elementor-widget-container\">\n\t\t\t\t\t\t\t\t\t<p><em>Teoria em EAD\u00a0 e pr\u00e1tica em Realidade Virtual &#8211; 16 horas &#8211; instrutores especializados<\/em><\/p>\t\t\t\t\t\t\t\t<\/div>\n\t\t\t\t<\/div>\n\t\t\t\t\t<\/div>\n\t\t<\/div>\n\t\t\t\t<div class=\"elementor-column elementor-col-50 elementor-inner-column elementor-element elementor-element-37b05f8\" data-id=\"37b05f8\" data-element_type=\"column\" data-e-type=\"column\">\n\t\t\t<div class=\"elementor-widget-wrap elementor-element-populated\">\n\t\t\t\t\t\t<div class=\"elementor-element elementor-element-93e7451 elementor-align-center elementor-widget elementor-widget-button\" data-id=\"93e7451\" data-element_type=\"widget\" data-e-type=\"widget\" data-widget_type=\"button.default\">\n\t\t\t\t<div class=\"elementor-widget-container\">\n\t\t\t\t\t\t\t\t\t<div class=\"elementor-button-wrapper\">\n\t\t\t\t\t<a class=\"elementor-button elementor-button-link elementor-size-sm elementor-animation-pulse\" href=\"https:\/\/pay.kiwify.com.br\/64qInBl\">\n\t\t\t\t\t\t<span class=\"elementor-button-content-wrapper\">\n\t\t\t\t\t\t\t\t\t<span class=\"elementor-button-text\">Clique para adquirir<\/span>\n\t\t\t\t\t<\/span>\n\t\t\t\t\t<\/a>\n\t\t\t\t<\/div>\n\t\t\t\t\t\t\t\t<\/div>\n\t\t\t\t<\/div>\n\t\t\t\t\t<\/div>\n\t\t<\/div>\n\t\t\t\t\t<\/div>\n\t\t<\/section>\n\t\t\t\t\t<\/div>\n\t\t<\/div>\n\t\t\t\t\t<\/div>\n\t\t<\/section>\n\t\t\t\t<section class=\"elementor-section elementor-top-section elementor-element elementor-element-58c1938 elementor-section-boxed elementor-section-height-default elementor-section-height-default\" data-id=\"58c1938\" data-element_type=\"section\" data-e-type=\"section\">\n\t\t\t\t\t\t<div class=\"elementor-container elementor-column-gap-default\">\n\t\t\t\t\t<div class=\"elementor-column elementor-col-33 elementor-top-column elementor-element elementor-element-5d11860\" data-id=\"5d11860\" data-element_type=\"column\" data-e-type=\"column\">\n\t\t\t<div class=\"elementor-widget-wrap elementor-element-populated\">\n\t\t\t\t\t\t<div class=\"elementor-element elementor-element-acbaaf5 elementor-widget elementor-widget-image\" data-id=\"acbaaf5\" data-element_type=\"widget\" data-e-type=\"widget\" data-widget_type=\"image.default\">\n\t\t\t\t<div class=\"elementor-widget-container\">\n\t\t\t\t\t\t\t\t\t\t\t\t\t\t\t<img fetchpriority=\"high\" decoding=\"async\" width=\"1024\" height=\"572\" src=\"https:\/\/metasafety.com.br\/wp-content\/uploads\/2026\/02\/espaco-confinado-1-1024x572.png\" class=\"attachment-large size-large wp-image-1055\" alt=\"nr33 em vr\" srcset=\"https:\/\/metasafety.com.br\/wp-content\/uploads\/2026\/02\/espaco-confinado-1-1024x572.png 1024w, https:\/\/metasafety.com.br\/wp-content\/uploads\/2026\/02\/espaco-confinado-1-300x167.png 300w, https:\/\/metasafety.com.br\/wp-content\/uploads\/2026\/02\/espaco-confinado-1-768x429.png 768w, https:\/\/metasafety.com.br\/wp-content\/uploads\/2026\/02\/espaco-confinado-1-1536x857.png 1536w, https:\/\/metasafety.com.br\/wp-content\/uploads\/2026\/02\/espaco-confinado-1.png 1786w\" sizes=\"(max-width: 1024px) 100vw, 1024px\" \/>\t\t\t\t\t\t\t\t\t\t\t\t\t\t\t<\/div>\n\t\t\t\t<\/div>\n\t\t\t\t<div class=\"elementor-element elementor-element-11d9a52 elementor-widget elementor-widget-video\" data-id=\"11d9a52\" data-element_type=\"widget\" data-e-type=\"widget\" data-settings=\"{&quot;youtube_url&quot;:&quot;https:\\\/\\\/youtu.be\\\/uc2y_CW5Q2Y?si=RUsn29yreAM9CR3e&quot;,&quot;video_type&quot;:&quot;youtube&quot;,&quot;controls&quot;:&quot;yes&quot;}\" data-widget_type=\"video.default\">\n\t\t\t\t<div class=\"elementor-widget-container\">\n\t\t\t\t\t\t\t<div class=\"elementor-wrapper elementor-open-inline\">\n\t\t\t<div class=\"elementor-video\"><\/div>\t\t<\/div>\n\t\t\t\t\t\t<\/div>\n\t\t\t\t<\/div>\n\t\t\t\t\t<\/div>\n\t\t<\/div>\n\t\t\t\t<div class=\"elementor-column elementor-col-66 elementor-top-column elementor-element elementor-element-ad46929\" data-id=\"ad46929\" data-element_type=\"column\" data-e-type=\"column\">\n\t\t\t<div class=\"elementor-widget-wrap elementor-element-populated\">\n\t\t\t\t\t\t<div class=\"elementor-element elementor-element-b78a44a elementor-widget elementor-widget-text-editor\" data-id=\"b78a44a\" data-element_type=\"widget\" data-e-type=\"widget\" data-widget_type=\"text-editor.default\">\n\t\t\t\t<div class=\"elementor-widget-container\">\n\t\t\t\t\t\t\t\t\t<p>As atividades em espa\u00e7os confinados envolvem riscos elevados e exigem prepara\u00e7\u00e3o t\u00e9cnica adequada, conhecimento normativo e tomada de decis\u00e3o segura. Atendendo \u00e0s exig\u00eancias da <strong data-start=\"296\" data-end=\"305\">NR-33<\/strong>, este treinamento foi desenvolvido para proporcionar uma forma\u00e7\u00e3o completa e atualizada, combinando <strong data-start=\"406\" data-end=\"444\" data-is-only-node=\"\">conte\u00fado te\u00f3rico na modalidade EAD<\/strong> com <strong data-start=\"449\" data-end=\"493\">atividades pr\u00e1ticas em Realidade Virtual<\/strong>, que simulam cen\u00e1rios reais de trabalho. Essa metodologia permite maior compreens\u00e3o dos perigos, das medidas de controle e dos procedimentos operacionais, fortalecendo a percep\u00e7\u00e3o de risco e o comportamento seguro dos trabalhadores.<\/p>\t\t\t\t\t\t\t\t<\/div>\n\t\t\t\t<\/div>\n\t\t\t\t<div class=\"elementor-element elementor-element-96f9d64 elementor-widget elementor-widget-heading\" data-id=\"96f9d64\" data-element_type=\"widget\" data-e-type=\"widget\" data-widget_type=\"heading.default\">\n\t\t\t\t<div class=\"elementor-widget-container\">\n\t\t\t\t\t<h6 class=\"elementor-heading-title elementor-size-default\">Objetivo<\/h6>\t\t\t\t<\/div>\n\t\t\t\t<\/div>\n\t\t\t\t<div class=\"elementor-element elementor-element-5edd63a elementor-widget elementor-widget-text-editor\" data-id=\"5edd63a\" data-element_type=\"widget\" data-e-type=\"widget\" data-widget_type=\"text-editor.default\">\n\t\t\t\t<div class=\"elementor-widget-container\">\n\t\t\t\t\t\t\t\t\t<p>O curso tem como objetivo <strong data-start=\"778\" data-end=\"826\">capacitar trabalhadores autorizados e vigias<\/strong> para atuar de forma segura em espa\u00e7os confinados, desenvolvendo compet\u00eancias para o reconhecimento, avalia\u00e7\u00e3o e controle de riscos, correta utiliza\u00e7\u00e3o de equipamentos e aplica\u00e7\u00e3o dos procedimentos previstos na Permiss\u00e3o de Entrada e Trabalho (PET). Por meio da viv\u00eancia pr\u00e1tica em ambientes virtuais imersivos, os participantes s\u00e3o preparados para identificar situa\u00e7\u00f5es cr\u00edticas, agir conforme os protocolos de seguran\u00e7a e responder adequadamente a condi\u00e7\u00f5es anormais, contribuindo para a preven\u00e7\u00e3o de acidentes, prote\u00e7\u00e3o da vida e atendimento aos requisitos legais da NR-33.<\/p>\t\t\t\t\t\t\t\t<\/div>\n\t\t\t\t<\/div>\n\t\t\t\t\t<\/div>\n\t\t<\/div>\n\t\t\t\t\t<\/div>\n\t\t<\/section>\n\t\t\t\t<section class=\"elementor-section elementor-top-section elementor-element elementor-element-90dc8f0 elementor-section-boxed elementor-section-height-default elementor-section-height-default\" data-id=\"90dc8f0\" data-element_type=\"section\" data-e-type=\"section\">\n\t\t\t\t\t\t<div class=\"elementor-container elementor-column-gap-default\">\n\t\t\t\t\t<div class=\"elementor-column elementor-col-100 elementor-top-column elementor-element elementor-element-6e0f24c\" data-id=\"6e0f24c\" data-element_type=\"column\" data-e-type=\"column\">\n\t\t\t<div class=\"elementor-widget-wrap elementor-element-populated\">\n\t\t\t\t\t\t<div class=\"elementor-element elementor-element-ce5c5e5 elementor-widget elementor-widget-heading\" data-id=\"ce5c5e5\" data-element_type=\"widget\" data-e-type=\"widget\" data-widget_type=\"heading.default\">\n\t\t\t\t<div class=\"elementor-widget-container\">\n\t\t\t\t\t<h6 class=\"elementor-heading-title elementor-size-default\">Conte\u00fado program\u00e1tico<\/h6>\t\t\t\t<\/div>\n\t\t\t\t<\/div>\n\t\t\t\t<div class=\"elementor-element elementor-element-faa8e33 elementor-widget elementor-widget-text-editor\" data-id=\"faa8e33\" data-element_type=\"widget\" data-e-type=\"widget\" data-widget_type=\"text-editor.default\">\n\t\t\t\t<div class=\"elementor-widget-container\">\n\t\t\t\t\t\t\t\t\t<ol><li>Defini\u00e7\u00f5es\u00a0<\/li><li>Reconhecimento, avalia\u00e7\u00e3o e controle de riscos;\u00a0<\/li><li>Funcionamento de equipamentos utilizados;\u00a0<\/li><li>Procedimentos e utiliza\u00e7\u00e3o da PET; e\u00a0<\/li><li>No\u00e7\u00f5es de resgate e primeiros socorros.\u00a0<\/li><\/ol>\t\t\t\t\t\t\t\t<\/div>\n\t\t\t\t<\/div>\n\t\t\t\t<div class=\"elementor-element elementor-element-3b87e7c elementor-widget elementor-widget-heading\" data-id=\"3b87e7c\" data-element_type=\"widget\" data-e-type=\"widget\" data-widget_type=\"heading.default\">\n\t\t\t\t<div class=\"elementor-widget-container\">\n\t\t\t\t\t<h6 class=\"elementor-heading-title elementor-size-default\">P\u00fablico Alvo<\/h6>\t\t\t\t<\/div>\n\t\t\t\t<\/div>\n\t\t\t\t<div class=\"elementor-element elementor-element-490f15b elementor-widget elementor-widget-text-editor\" data-id=\"490f15b\" data-element_type=\"widget\" data-e-type=\"widget\" data-widget_type=\"text-editor.default\">\n\t\t\t\t<div class=\"elementor-widget-container\">\n\t\t\t\t\t\t\t\t\t<p>Profissionais que executem atividades como <strong>Trabalhador Autorizado ou Vigia<\/strong> em espa\u00e7os confinados<\/p>\t\t\t\t\t\t\t\t<\/div>\n\t\t\t\t<\/div>\n\t\t\t\t<div class=\"elementor-element elementor-element-5d73532 elementor-widget elementor-widget-heading\" data-id=\"5d73532\" data-element_type=\"widget\" data-e-type=\"widget\" data-widget_type=\"heading.default\">\n\t\t\t\t<div class=\"elementor-widget-container\">\n\t\t\t\t\t<h6 class=\"elementor-heading-title elementor-size-default\">carga hor\u00e1ria<\/h6>\t\t\t\t<\/div>\n\t\t\t\t<\/div>\n\t\t\t\t<div class=\"elementor-element elementor-element-488a156 elementor-widget elementor-widget-text-editor\" data-id=\"488a156\" data-element_type=\"widget\" data-e-type=\"widget\" data-widget_type=\"text-editor.default\">\n\t\t\t\t<div class=\"elementor-widget-container\">\n\t\t\t\t\t\t\t\t\t<p>16 horas<\/p>\t\t\t\t\t\t\t\t<\/div>\n\t\t\t\t<\/div>\n\t\t\t\t<div class=\"elementor-element elementor-element-5381ed8 elementor-widget elementor-widget-heading\" data-id=\"5381ed8\" data-element_type=\"widget\" data-e-type=\"widget\" data-widget_type=\"heading.default\">\n\t\t\t\t<div class=\"elementor-widget-container\">\n\t\t\t\t\t<h6 class=\"elementor-heading-title elementor-size-default\">Modalidade<\/h6>\t\t\t\t<\/div>\n\t\t\t\t<\/div>\n\t\t\t\t<div class=\"elementor-element elementor-element-c176400 elementor-widget elementor-widget-text-editor\" data-id=\"c176400\" data-element_type=\"widget\" data-e-type=\"widget\" data-widget_type=\"text-editor.default\">\n\t\t\t\t<div class=\"elementor-widget-container\">\n\t\t\t\t\t\t\t\t\t<p>Teoria em EAD &#8211; videoaulas curtas +\u00a0 pr\u00e1tica em Realidade Virtual<\/p>\t\t\t\t\t\t\t\t<\/div>\n\t\t\t\t<\/div>\n\t\t\t\t<div class=\"elementor-element elementor-element-f17edb6 elementor-widget elementor-widget-heading\" data-id=\"f17edb6\" data-element_type=\"widget\" data-e-type=\"widget\" data-widget_type=\"heading.default\">\n\t\t\t\t<div class=\"elementor-widget-container\">\n\t\t\t\t\t<h6 class=\"elementor-heading-title elementor-size-default\">Instrutores<\/h6>\t\t\t\t<\/div>\n\t\t\t\t<\/div>\n\t\t\t\t<section class=\"elementor-section elementor-inner-section elementor-element elementor-element-878372b elementor-section-boxed elementor-section-height-default elementor-section-height-default\" data-id=\"878372b\" data-element_type=\"section\" data-e-type=\"section\">\n\t\t\t\t\t\t<div class=\"elementor-container elementor-column-gap-default\">\n\t\t\t\t\t<div class=\"elementor-column elementor-col-50 elementor-inner-column elementor-element elementor-element-e5f36b3\" data-id=\"e5f36b3\" data-element_type=\"column\" data-e-type=\"column\">\n\t\t\t<div class=\"elementor-widget-wrap elementor-element-populated\">\n\t\t\t\t\t\t<div class=\"elementor-element elementor-element-74f6fe7 elementor-widget elementor-widget-image\" data-id=\"74f6fe7\" data-element_type=\"widget\" data-e-type=\"widget\" data-widget_type=\"image.default\">\n\t\t\t\t<div class=\"elementor-widget-container\">\n\t\t\t\t\t\t\t\t\t\t\t\t\t\t\t<img decoding=\"async\" width=\"1024\" height=\"821\" src=\"https:\/\/metasafety.com.br\/wp-content\/uploads\/2024\/08\/2Q3A0773-copy-1024x821.jpg\" class=\"attachment-large size-large wp-image-867\" alt=\"Deise Sprenger\" srcset=\"https:\/\/metasafety.com.br\/wp-content\/uploads\/2024\/08\/2Q3A0773-copy-1024x821.jpg 1024w, https:\/\/metasafety.com.br\/wp-content\/uploads\/2024\/08\/2Q3A0773-copy-300x240.jpg 300w, https:\/\/metasafety.com.br\/wp-content\/uploads\/2024\/08\/2Q3A0773-copy-768x615.jpg 768w, https:\/\/metasafety.com.br\/wp-content\/uploads\/2024\/08\/2Q3A0773-copy-1536x1231.jpg 1536w, https:\/\/metasafety.com.br\/wp-content\/uploads\/2024\/08\/2Q3A0773-copy-2048x1641.jpg 2048w\" sizes=\"(max-width: 1024px) 100vw, 1024px\" \/>\t\t\t\t\t\t\t\t\t\t\t\t\t\t\t<\/div>\n\t\t\t\t<\/div>\n\t\t\t\t<div class=\"elementor-element elementor-element-582fb08 elementor-widget elementor-widget-image\" data-id=\"582fb08\" data-element_type=\"widget\" data-e-type=\"widget\" data-widget_type=\"image.default\">\n\t\t\t\t<div class=\"elementor-widget-container\">\n\t\t\t\t\t\t\t\t\t\t\t\t\t\t\t<img decoding=\"async\" width=\"300\" height=\"251\" src=\"https:\/\/metasafety.com.br\/wp-content\/uploads\/2024\/08\/A6D760F9-A179-422A-96FA-48997AFDF87E_L0_001-14_08_2024-18_27_49-300x251.jpg\" class=\"attachment-medium size-medium wp-image-869\" alt=\"\" srcset=\"https:\/\/metasafety.com.br\/wp-content\/uploads\/2024\/08\/A6D760F9-A179-422A-96FA-48997AFDF87E_L0_001-14_08_2024-18_27_49-300x251.jpg 300w, https:\/\/metasafety.com.br\/wp-content\/uploads\/2024\/08\/A6D760F9-A179-422A-96FA-48997AFDF87E_L0_001-14_08_2024-18_27_49-1024x856.jpg 1024w, https:\/\/metasafety.com.br\/wp-content\/uploads\/2024\/08\/A6D760F9-A179-422A-96FA-48997AFDF87E_L0_001-14_08_2024-18_27_49-768x642.jpg 768w, https:\/\/metasafety.com.br\/wp-content\/uploads\/2024\/08\/A6D760F9-A179-422A-96FA-48997AFDF87E_L0_001-14_08_2024-18_27_49.jpg 1201w\" sizes=\"(max-width: 300px) 100vw, 300px\" \/>\t\t\t\t\t\t\t\t\t\t\t\t\t\t\t<\/div>\n\t\t\t\t<\/div>\n\t\t\t\t\t<\/div>\n\t\t<\/div>\n\t\t\t\t<div class=\"elementor-column elementor-col-50 elementor-inner-column elementor-element elementor-element-76b3591\" data-id=\"76b3591\" data-element_type=\"column\" data-e-type=\"column\">\n\t\t\t<div class=\"elementor-widget-wrap elementor-element-populated\">\n\t\t\t\t\t\t<div class=\"elementor-element elementor-element-f83c3bc elementor-widget elementor-widget-text-editor\" data-id=\"f83c3bc\" data-element_type=\"widget\" data-e-type=\"widget\" data-widget_type=\"text-editor.default\">\n\t\t\t\t<div class=\"elementor-widget-container\">\n\t\t\t\t\t\t\t\t\t<p>Deise Sprenger<\/p>\n<p><span style=\"color: #999999;\"><em>T\u00e9cnica de Seguran\u00e7a do Trabalho, Engenheira de Produ\u00e7\u00e3o, Engenheira de Seguran\u00e7a do Trabalho<\/em><\/span><\/p>\t\t\t\t\t\t\t\t<\/div>\n\t\t\t\t<\/div>\n\t\t\t\t<div class=\"elementor-element elementor-element-8dae985 elementor-widget elementor-widget-text-editor\" data-id=\"8dae985\" data-element_type=\"widget\" data-e-type=\"widget\" data-widget_type=\"text-editor.default\">\n\t\t\t\t<div class=\"elementor-widget-container\">\n\t\t\t\t\t\t\t\t\t<p>Yuri Machado<\/p>\n<p><em style=\"color: #999999;\">T\u00e9cnico de Seguran\u00e7a do Trabalho, Engenheiro de Produ\u00e7\u00e3o,\u00a0<\/em><span style=\"color: #999999;\"><em>Engenheiro de Seguran\u00e7a do Trabalho<\/em><\/span><\/p>\t\t\t\t\t\t\t\t<\/div>\n\t\t\t\t<\/div>\n\t\t\t\t\t<\/div>\n\t\t<\/div>\n\t\t\t\t\t<\/div>\n\t\t<\/section>\n\t\t\t\t\t<\/div>\n\t\t<\/div>\n\t\t\t\t\t<\/div>\n\t\t<\/section>\n\t\t\t\t<section class=\"elementor-section elementor-top-section elementor-element elementor-element-e633a9c elementor-section-boxed elementor-section-height-default elementor-section-height-default\" data-id=\"e633a9c\" data-element_type=\"section\" data-e-type=\"section\">\n\t\t\t\t\t\t<div class=\"elementor-container elementor-column-gap-default\">\n\t\t\t\t\t<div class=\"elementor-column elementor-col-100 elementor-top-column elementor-element elementor-element-cba9ad4\" data-id=\"cba9ad4\" data-element_type=\"column\" data-e-type=\"column\">\n\t\t\t<div class=\"elementor-widget-wrap elementor-element-populated\">\n\t\t\t\t\t\t<div class=\"elementor-element elementor-element-22113ed elementor-widget elementor-widget-heading\" data-id=\"22113ed\" data-element_type=\"widget\" data-e-type=\"widget\" data-widget_type=\"heading.default\">\n\t\t\t\t<div class=\"elementor-widget-container\">\n\t\t\t\t\t<h6 class=\"elementor-heading-title elementor-size-default\">investimento<\/h6>\t\t\t\t<\/div>\n\t\t\t\t<\/div>\n\t\t\t\t<div class=\"elementor-element elementor-element-d87c7d7 elementor-widget elementor-widget-text-editor\" data-id=\"d87c7d7\" data-element_type=\"widget\" data-e-type=\"widget\" data-widget_type=\"text-editor.default\">\n\t\t\t\t<div class=\"elementor-widget-container\">\n\t\t\t\t\t\t\t\t\t<p>R$ 197,00 em at\u00e9 3x sem juros (cart\u00e3o de cr\u00e9dito, pix ou boleto)<\/p>\t\t\t\t\t\t\t\t<\/div>\n\t\t\t\t<\/div>\n\t\t\t\t\t<\/div>\n\t\t<\/div>\n\t\t\t\t\t<\/div>\n\t\t<\/section>\n\t\t\t\t<section class=\"elementor-section elementor-top-section elementor-element elementor-element-27f34b4 elementor-section-boxed elementor-section-height-default elementor-section-height-default\" data-id=\"27f34b4\" data-element_type=\"section\" data-e-type=\"section\">\n\t\t\t\t\t\t<div class=\"elementor-container elementor-column-gap-default\">\n\t\t\t\t\t<div class=\"elementor-column elementor-col-100 elementor-top-column elementor-element elementor-element-1297ae6\" data-id=\"1297ae6\" data-element_type=\"column\" data-e-type=\"column\">\n\t\t\t<div class=\"elementor-widget-wrap elementor-element-populated\">\n\t\t\t\t\t\t<div class=\"elementor-element elementor-element-8ec7079 elementor-align-center elementor-widget elementor-widget-button\" data-id=\"8ec7079\" data-element_type=\"widget\" data-e-type=\"widget\" data-widget_type=\"button.default\">\n\t\t\t\t<div class=\"elementor-widget-container\">\n\t\t\t\t\t\t\t\t\t<div class=\"elementor-button-wrapper\">\n\t\t\t\t\t<a class=\"elementor-button elementor-button-link elementor-size-sm elementor-animation-pulse\" href=\"https:\/\/pay.kiwify.com.br\/64qInBl\">\n\t\t\t\t\t\t<span class=\"elementor-button-content-wrapper\">\n\t\t\t\t\t\t\t\t\t<span class=\"elementor-button-text\">CLIQUE PARA ADQUIRIR SEU TREINAMENTO DE NR33<\/span>\n\t\t\t\t\t<\/span>\n\t\t\t\t\t<\/a>\n\t\t\t\t<\/div>\n\t\t\t\t\t\t\t\t<\/div>\n\t\t\t\t<\/div>\n\t\t\t\t<div class=\"elementor-element elementor-element-83e027a elementor-widget elementor-widget-text-editor\" data-id=\"83e027a\" data-element_type=\"widget\" data-e-type=\"widget\" data-widget_type=\"text-editor.default\">\n\t\t\t\t<div class=\"elementor-widget-container\">\n\t\t\t\t\t\t\t\t\t<p><em>In\u00edcio imediato &#8211;\u00a0<\/em><em>Emiss\u00e3o do certificado ap\u00f3s finaliza\u00e7\u00e3o do treinamento.<\/em><\/p><p><span style=\"color: #999999;\"><i>** m\u00ednimo 6 pessoas por empresa<\/i><\/span><\/p>\t\t\t\t\t\t\t\t<\/div>\n\t\t\t\t<\/div>\n\t\t\t\t\t<\/div>\n\t\t<\/div>\n\t\t\t\t\t<\/div>\n\t\t<\/section>\n\t\t\t\t<section class=\"elementor-section elementor-top-section elementor-element elementor-element-06e50a2 elementor-section-boxed elementor-section-height-default elementor-section-height-default\" data-id=\"06e50a2\" data-element_type=\"section\" data-e-type=\"section\">\n\t\t\t\t\t\t<div class=\"elementor-container elementor-column-gap-default\">\n\t\t\t\t\t<div class=\"elementor-column elementor-col-100 elementor-top-column elementor-element elementor-element-72d289e\" data-id=\"72d289e\" data-element_type=\"column\" data-e-type=\"column\">\n\t\t\t<div class=\"elementor-widget-wrap\">\n\t\t\t\t\t\t\t<\/div>\n\t\t<\/div>\n\t\t\t\t\t<\/div>\n\t\t<\/section>\n\t\t\t\t<section class=\"elementor-section elementor-top-section elementor-element elementor-element-b4d9df2 elementor-section-boxed elementor-section-height-default elementor-section-height-default\" data-id=\"b4d9df2\" data-element_type=\"section\" data-e-type=\"section\">\n\t\t\t\t\t\t<div class=\"elementor-container elementor-column-gap-default\">\n\t\t\t\t\t<div class=\"elementor-column elementor-col-100 elementor-top-column elementor-element elementor-element-a685f5c\" data-id=\"a685f5c\" data-element_type=\"column\" data-e-type=\"column\">\n\t\t\t<div class=\"elementor-widget-wrap elementor-element-populated\">\n\t\t\t\t\t\t<div class=\"elementor-element elementor-element-27595f7 elementor-widget elementor-widget-text-editor\" data-id=\"27595f7\" data-element_type=\"widget\" data-e-type=\"widget\" data-widget_type=\"text-editor.default\">\n\t\t\t\t<div class=\"elementor-widget-container\">\n\t\t\t\t\t\t\t\t\t<p style=\"text-align: center;\"><span style=\"color: #ffffff;\"><strong><br><\/strong><\/span><\/p><p style=\"text-align: center;\"><span style=\"color: #ffffff;\"><strong>Quer ter uma licen\u00e7a do nosso&nbsp;<em>game<\/em>&nbsp;para usar em seus treinamentos?<\/strong><\/span><\/p>\n<p style=\"text-align: center;\"><span style=\"color: #ffffff;\"><strong>Entre em contato para receber uma cota\u00e7\u00e3o.&nbsp;<\/strong><\/span><\/p>\t\t\t\t\t\t\t\t<\/div>\n\t\t\t\t<\/div>\n\t\t\t\t\t<\/div>\n\t\t<\/div>\n\t\t\t\t\t<\/div>\n\t\t<\/section>\n\t\t\t\t<\/div>\n\t\t","protected":false},"excerpt":{"rendered":"<p>Trabalhador autorizado e vigia Teoria em EAD\u00a0 e pr\u00e1tica em Realidade Virtual &#8211; 16 horas &#8211; instrutores especializados Clique para adquirir https:\/\/youtu.be\/uc2y_CW5Q2Y?si=RUsn29yreAM9CR3e As atividades em espa\u00e7os confinados envolvem riscos elevados e exigem prepara\u00e7\u00e3o t\u00e9cnica adequada, conhecimento normativo e tomada de decis\u00e3o segura. Atendendo \u00e0s exig\u00eancias da NR-33, este treinamento foi desenvolvido para proporcionar uma forma\u00e7\u00e3o [&hellip;]<\/p>\n","protected":false},"author":1,"featured_media":0,"parent":0,"menu_order":0,"comment_status":"closed","ping_status":"closed","template":"","meta":{"om_disable_all_campaigns":false,"_monsterinsights_skip_tracking":false,"_monsterinsights_sitenote_active":false,"_monsterinsights_sitenote_note":"","_monsterinsights_sitenote_category":0,"_uf_show_specific_survey":0,"_uf_disable_surveys":false,"footnotes":""},"class_list":["post-1053","page","type-page","status-publish","hentry"],"aioseo_notices":[],"post_mailing_queue_ids":[],"_links":{"self":[{"href":"https:\/\/metasafety.com.br\/index.php\/wp-json\/wp\/v2\/pages\/1053","targetHints":{"allow":["GET"]}}],"collection":[{"href":"https:\/\/metasafety.com.br\/index.php\/wp-json\/wp\/v2\/pages"}],"about":[{"href":"https:\/\/metasafety.com.br\/index.php\/wp-json\/wp\/v2\/types\/page"}],"author":[{"embeddable":true,"href":"https:\/\/metasafety.com.br\/index.php\/wp-json\/wp\/v2\/users\/1"}],"replies":[{"embeddable":true,"href":"https:\/\/metasafety.com.br\/index.php\/wp-json\/wp\/v2\/comments?post=1053"}],"version-history":[{"count":10,"href":"https:\/\/metasafety.com.br\/index.php\/wp-json\/wp\/v2\/pages\/1053\/revisions"}],"predecessor-version":[{"id":1064,"href":"https:\/\/metasafety.com.br\/index.php\/wp-json\/wp\/v2\/pages\/1053\/revisions\/1064"}],"wp:attachment":[{"href":"https:\/\/metasafety.com.br\/index.php\/wp-json\/wp\/v2\/media?parent=1053"}],"curies":[{"name":"wp","href":"https:\/\/api.w.org\/{rel}","templated":true}]}}