{"id":1068,"date":"2026-02-04T17:52:40","date_gmt":"2026-02-04T20:52:40","guid":{"rendered":"https:\/\/metasafety.com.br\/?page_id=1068"},"modified":"2026-02-04T18:03:45","modified_gmt":"2026-02-04T21:03:45","slug":"treinamento-de-nr35-vr","status":"publish","type":"page","link":"https:\/\/metasafety.com.br\/index.php\/treinamento-de-nr35-vr\/","title":{"rendered":"Treinamento de NR35"},"content":{"rendered":"\t\t<div data-elementor-type=\"wp-page\" data-elementor-id=\"1068\" class=\"elementor elementor-1068\">\n\t\t\t\t\t\t<section class=\"elementor-section elementor-top-section elementor-element elementor-element-4faadcfd elementor-section-boxed elementor-section-height-default elementor-section-height-default\" data-id=\"4faadcfd\" data-element_type=\"section\" data-e-type=\"section\">\n\t\t\t\t\t\t<div class=\"elementor-container elementor-column-gap-default\">\n\t\t\t\t\t<div class=\"elementor-column elementor-col-100 elementor-top-column elementor-element elementor-element-171e169a\" data-id=\"171e169a\" data-element_type=\"column\" data-e-type=\"column\">\n\t\t\t<div class=\"elementor-widget-wrap elementor-element-populated\">\n\t\t\t\t\t\t<div class=\"elementor-element elementor-element-9c5564e elementor-widget elementor-widget-heading\" data-id=\"9c5564e\" data-element_type=\"widget\" data-e-type=\"widget\" data-widget_type=\"heading.default\">\n\t\t\t\t<div class=\"elementor-widget-container\">\n\t\t\t\t\t<h6 class=\"elementor-heading-title elementor-size-default\">Trabalhado em altura<\/h6>\t\t\t\t<\/div>\n\t\t\t\t<\/div>\n\t\t\t\t<section class=\"elementor-section elementor-inner-section elementor-element elementor-element-6a264cd elementor-section-boxed elementor-section-height-default elementor-section-height-default\" data-id=\"6a264cd\" data-element_type=\"section\" data-e-type=\"section\">\n\t\t\t\t\t\t<div class=\"elementor-container elementor-column-gap-default\">\n\t\t\t\t\t<div class=\"elementor-column elementor-col-50 elementor-inner-column elementor-element elementor-element-b383531\" data-id=\"b383531\" data-element_type=\"column\" data-e-type=\"column\">\n\t\t\t<div class=\"elementor-widget-wrap elementor-element-populated\">\n\t\t\t\t\t\t<div class=\"elementor-element elementor-element-f426d92 elementor-widget__width-initial elementor-widget elementor-widget-text-editor\" data-id=\"f426d92\" data-element_type=\"widget\" data-e-type=\"widget\" data-widget_type=\"text-editor.default\">\n\t\t\t\t<div class=\"elementor-widget-container\">\n\t\t\t\t\t\t\t\t\t<p><em>Teoria em EAD\u00a0 e pr\u00e1tica em Realidade Virtual &#8211; 08 horas &#8211; instrutores especializados<\/em><\/p>\t\t\t\t\t\t\t\t<\/div>\n\t\t\t\t<\/div>\n\t\t\t\t\t<\/div>\n\t\t<\/div>\n\t\t\t\t<div class=\"elementor-column elementor-col-50 elementor-inner-column elementor-element elementor-element-37b05f8\" data-id=\"37b05f8\" data-element_type=\"column\" data-e-type=\"column\">\n\t\t\t<div class=\"elementor-widget-wrap elementor-element-populated\">\n\t\t\t\t\t\t<div class=\"elementor-element elementor-element-93e7451 elementor-align-center elementor-widget elementor-widget-button\" data-id=\"93e7451\" data-element_type=\"widget\" data-e-type=\"widget\" data-widget_type=\"button.default\">\n\t\t\t\t<div class=\"elementor-widget-container\">\n\t\t\t\t\t\t\t\t\t<div class=\"elementor-button-wrapper\">\n\t\t\t\t\t<a class=\"elementor-button elementor-button-link elementor-size-sm elementor-animation-pulse\" href=\"https:\/\/pay.kiwify.com.br\/9MaZSCb\">\n\t\t\t\t\t\t<span class=\"elementor-button-content-wrapper\">\n\t\t\t\t\t\t\t\t\t<span class=\"elementor-button-text\">Clique para adquirir<\/span>\n\t\t\t\t\t<\/span>\n\t\t\t\t\t<\/a>\n\t\t\t\t<\/div>\n\t\t\t\t\t\t\t\t<\/div>\n\t\t\t\t<\/div>\n\t\t\t\t\t<\/div>\n\t\t<\/div>\n\t\t\t\t\t<\/div>\n\t\t<\/section>\n\t\t\t\t\t<\/div>\n\t\t<\/div>\n\t\t\t\t\t<\/div>\n\t\t<\/section>\n\t\t\t\t<section class=\"elementor-section elementor-top-section elementor-element elementor-element-58c1938 elementor-section-boxed elementor-section-height-default elementor-section-height-default\" data-id=\"58c1938\" data-element_type=\"section\" data-e-type=\"section\">\n\t\t\t\t\t\t<div class=\"elementor-container elementor-column-gap-default\">\n\t\t\t\t\t<div class=\"elementor-column elementor-col-33 elementor-top-column elementor-element elementor-element-5d11860\" data-id=\"5d11860\" data-element_type=\"column\" data-e-type=\"column\">\n\t\t\t<div class=\"elementor-widget-wrap elementor-element-populated\">\n\t\t\t\t\t\t<div class=\"elementor-element elementor-element-acbaaf5 elementor-widget elementor-widget-image\" data-id=\"acbaaf5\" data-element_type=\"widget\" data-e-type=\"widget\" data-widget_type=\"image.default\">\n\t\t\t\t<div class=\"elementor-widget-container\">\n\t\t\t\t\t\t\t\t\t\t\t\t\t\t\t<img fetchpriority=\"high\" decoding=\"async\" width=\"1024\" height=\"571\" src=\"https:\/\/metasafety.com.br\/wp-content\/uploads\/2025\/10\/6F46C21A-4C8D-4D0A-A7DD-7AB9AB0FA23D_L0_001-15_06_2023-14_33_36-1-1024x571.jpg\" class=\"attachment-large size-large wp-image-1034\" alt=\"treinamento NR35 em Realidade Virtual\" srcset=\"https:\/\/metasafety.com.br\/wp-content\/uploads\/2025\/10\/6F46C21A-4C8D-4D0A-A7DD-7AB9AB0FA23D_L0_001-15_06_2023-14_33_36-1-1024x571.jpg 1024w, https:\/\/metasafety.com.br\/wp-content\/uploads\/2025\/10\/6F46C21A-4C8D-4D0A-A7DD-7AB9AB0FA23D_L0_001-15_06_2023-14_33_36-1-300x167.jpg 300w, https:\/\/metasafety.com.br\/wp-content\/uploads\/2025\/10\/6F46C21A-4C8D-4D0A-A7DD-7AB9AB0FA23D_L0_001-15_06_2023-14_33_36-1-768x428.jpg 768w, https:\/\/metasafety.com.br\/wp-content\/uploads\/2025\/10\/6F46C21A-4C8D-4D0A-A7DD-7AB9AB0FA23D_L0_001-15_06_2023-14_33_36-1.jpg 1170w\" sizes=\"(max-width: 1024px) 100vw, 1024px\" \/>\t\t\t\t\t\t\t\t\t\t\t\t\t\t\t<\/div>\n\t\t\t\t<\/div>\n\t\t\t\t<div class=\"elementor-element elementor-element-11d9a52 elementor-widget elementor-widget-video\" data-id=\"11d9a52\" data-element_type=\"widget\" data-e-type=\"widget\" data-settings=\"{&quot;youtube_url&quot;:&quot;https:\\\/\\\/youtu.be\\\/f9CjwkSnPBQ?si=LU1dkG8f17jH7AYh&quot;,&quot;video_type&quot;:&quot;youtube&quot;,&quot;controls&quot;:&quot;yes&quot;}\" data-widget_type=\"video.default\">\n\t\t\t\t<div class=\"elementor-widget-container\">\n\t\t\t\t\t\t\t<div class=\"elementor-wrapper elementor-open-inline\">\n\t\t\t<div class=\"elementor-video\"><\/div>\t\t<\/div>\n\t\t\t\t\t\t<\/div>\n\t\t\t\t<\/div>\n\t\t\t\t\t<\/div>\n\t\t<\/div>\n\t\t\t\t<div class=\"elementor-column elementor-col-66 elementor-top-column elementor-element elementor-element-ad46929\" data-id=\"ad46929\" data-element_type=\"column\" data-e-type=\"column\">\n\t\t\t<div class=\"elementor-widget-wrap elementor-element-populated\">\n\t\t\t\t\t\t<div class=\"elementor-element elementor-element-b78a44a elementor-widget elementor-widget-text-editor\" data-id=\"b78a44a\" data-element_type=\"widget\" data-e-type=\"widget\" data-widget_type=\"text-editor.default\">\n\t\t\t\t<div class=\"elementor-widget-container\">\n\t\t\t\t\t\t\t\t\t<p>As atividades realizadas em <strong data-start=\"157\" data-end=\"179\">trabalho em altura<\/strong> est\u00e3o entre as que apresentam maior potencial de gravidade em caso de acidente, exigindo planejamento rigoroso, capacita\u00e7\u00e3o adequada e cumprimento dos requisitos legais estabelecidos pela <strong data-start=\"368\" data-end=\"377\">NR-35<\/strong>. Este treinamento foi desenvolvido para proporcionar uma forma\u00e7\u00e3o s\u00f3lida e atualizada, integrando <strong data-start=\"476\" data-end=\"514\">conte\u00fado te\u00f3rico na modalidade EAD<\/strong> com <strong data-start=\"519\" data-end=\"565\">experi\u00eancias pr\u00e1ticas em Realidade Virtual<\/strong>, que reproduzem fielmente situa\u00e7\u00f5es encontradas no dia a dia das opera\u00e7\u00f5es. A metodologia adotada favorece a compreens\u00e3o dos riscos, o uso correto dos sistemas de prote\u00e7\u00e3o e a tomada de decis\u00f5es seguras antes, durante e ap\u00f3s a execu\u00e7\u00e3o das atividades.<\/p>\t\t\t\t\t\t\t\t<\/div>\n\t\t\t\t<\/div>\n\t\t\t\t<div class=\"elementor-element elementor-element-96f9d64 elementor-widget elementor-widget-heading\" data-id=\"96f9d64\" data-element_type=\"widget\" data-e-type=\"widget\" data-widget_type=\"heading.default\">\n\t\t\t\t<div class=\"elementor-widget-container\">\n\t\t\t\t\t<h6 class=\"elementor-heading-title elementor-size-default\">Objetivo<\/h6>\t\t\t\t<\/div>\n\t\t\t\t<\/div>\n\t\t\t\t<div class=\"elementor-element elementor-element-5edd63a elementor-widget elementor-widget-text-editor\" data-id=\"5edd63a\" data-element_type=\"widget\" data-e-type=\"widget\" data-widget_type=\"text-editor.default\">\n\t\t\t\t<div class=\"elementor-widget-container\">\n\t\t\t\t\t\t\t\t\t<p>O objetivo deste treinamento \u00e9 <strong data-start=\"128\" data-end=\"182\">capacitar trabalhadores autorizados e supervisores<\/strong> para a execu\u00e7\u00e3o segura de atividades em trabalho em altura, conforme os requisitos da <strong data-start=\"269\" data-end=\"278\">NR-35<\/strong>, desenvolvendo compet\u00eancias para o reconhecimento, avalia\u00e7\u00e3o e controle dos riscos envolvidos. Ao final do curso, os participantes estar\u00e3o aptos a planejar as atividades, selecionar e utilizar corretamente os sistemas de prote\u00e7\u00e3o coletiva e individual, adotar procedimentos seguros, agir de forma preventiva diante de situa\u00e7\u00f5es de risco e responder adequadamente a emerg\u00eancias, incluindo no\u00e7\u00f5es b\u00e1sicas de resgate e primeiros socorros, com apoio de pr\u00e1ticas imersivas em <strong data-start=\"750\" data-end=\"771\">Realidade Virtual<\/strong> que refor\u00e7am o aprendizado e a percep\u00e7\u00e3o de riscos.<\/p>\t\t\t\t\t\t\t\t<\/div>\n\t\t\t\t<\/div>\n\t\t\t\t\t<\/div>\n\t\t<\/div>\n\t\t\t\t\t<\/div>\n\t\t<\/section>\n\t\t\t\t<section class=\"elementor-section elementor-top-section elementor-element elementor-element-90dc8f0 elementor-section-boxed elementor-section-height-default elementor-section-height-default\" data-id=\"90dc8f0\" data-element_type=\"section\" data-e-type=\"section\">\n\t\t\t\t\t\t<div class=\"elementor-container elementor-column-gap-default\">\n\t\t\t\t\t<div class=\"elementor-column elementor-col-100 elementor-top-column elementor-element elementor-element-6e0f24c\" data-id=\"6e0f24c\" data-element_type=\"column\" data-e-type=\"column\">\n\t\t\t<div class=\"elementor-widget-wrap elementor-element-populated\">\n\t\t\t\t\t\t<div class=\"elementor-element elementor-element-ce5c5e5 elementor-widget elementor-widget-heading\" data-id=\"ce5c5e5\" data-element_type=\"widget\" data-e-type=\"widget\" data-widget_type=\"heading.default\">\n\t\t\t\t<div class=\"elementor-widget-container\">\n\t\t\t\t\t<h6 class=\"elementor-heading-title elementor-size-default\">Conte\u00fado program\u00e1tico<\/h6>\t\t\t\t<\/div>\n\t\t\t\t<\/div>\n\t\t\t\t<div class=\"elementor-element elementor-element-faa8e33 elementor-widget elementor-widget-text-editor\" data-id=\"faa8e33\" data-element_type=\"widget\" data-e-type=\"widget\" data-widget_type=\"text-editor.default\">\n\t\t\t\t<div class=\"elementor-widget-container\">\n\t\t\t\t\t\t\t\t\t<ol><li>Normas e regulamentos aplic\u00e1veis ao trabalho em altura;<\/li><li>AR e condi\u00e7\u00f5es impeditivas;<\/li><li>Riscos potenciais inerentes ao trabalho em altura e medidas de preven\u00e7\u00e3o e controle;<\/li><li>Sistemas, equipamentos e procedimentos de prote\u00e7\u00e3o coletiva;<\/li><li>EPI para trabalho em altura: sele\u00e7\u00e3o, inspe\u00e7\u00e3o, conserva\u00e7\u00e3o e limita\u00e7\u00e3o de uso;<\/li><li>Acidentes t\u00edpicos em trabalhos em altura;<\/li><li>Condutas em situa\u00e7\u00f5es de emerg\u00eancia, incluindo no\u00e7\u00f5es b\u00e1sicas de t\u00e9cnicas de resgate e de primeiros socorros.<\/li><\/ol>\t\t\t\t\t\t\t\t<\/div>\n\t\t\t\t<\/div>\n\t\t\t\t<div class=\"elementor-element elementor-element-3b87e7c elementor-widget elementor-widget-heading\" data-id=\"3b87e7c\" data-element_type=\"widget\" data-e-type=\"widget\" data-widget_type=\"heading.default\">\n\t\t\t\t<div class=\"elementor-widget-container\">\n\t\t\t\t\t<h6 class=\"elementor-heading-title elementor-size-default\">P\u00fablico Alvo<\/h6>\t\t\t\t<\/div>\n\t\t\t\t<\/div>\n\t\t\t\t<div class=\"elementor-element elementor-element-490f15b elementor-widget elementor-widget-text-editor\" data-id=\"490f15b\" data-element_type=\"widget\" data-e-type=\"widget\" data-widget_type=\"text-editor.default\">\n\t\t\t\t<div class=\"elementor-widget-container\">\n\t\t\t\t\t\t\t\t\t<p>Profissionais que executem atividades de\u00a0<strong>Trabalho em Altura.<\/strong><\/p>\t\t\t\t\t\t\t\t<\/div>\n\t\t\t\t<\/div>\n\t\t\t\t<div class=\"elementor-element elementor-element-5d73532 elementor-widget elementor-widget-heading\" data-id=\"5d73532\" data-element_type=\"widget\" data-e-type=\"widget\" data-widget_type=\"heading.default\">\n\t\t\t\t<div class=\"elementor-widget-container\">\n\t\t\t\t\t<h6 class=\"elementor-heading-title elementor-size-default\">carga hor\u00e1ria<\/h6>\t\t\t\t<\/div>\n\t\t\t\t<\/div>\n\t\t\t\t<div class=\"elementor-element elementor-element-488a156 elementor-widget elementor-widget-text-editor\" data-id=\"488a156\" data-element_type=\"widget\" data-e-type=\"widget\" data-widget_type=\"text-editor.default\">\n\t\t\t\t<div class=\"elementor-widget-container\">\n\t\t\t\t\t\t\t\t\t<p>08 horas<\/p>\t\t\t\t\t\t\t\t<\/div>\n\t\t\t\t<\/div>\n\t\t\t\t<div class=\"elementor-element elementor-element-5381ed8 elementor-widget elementor-widget-heading\" data-id=\"5381ed8\" data-element_type=\"widget\" data-e-type=\"widget\" data-widget_type=\"heading.default\">\n\t\t\t\t<div class=\"elementor-widget-container\">\n\t\t\t\t\t<h6 class=\"elementor-heading-title elementor-size-default\">Modalidade<\/h6>\t\t\t\t<\/div>\n\t\t\t\t<\/div>\n\t\t\t\t<div class=\"elementor-element elementor-element-c176400 elementor-widget elementor-widget-text-editor\" data-id=\"c176400\" data-element_type=\"widget\" data-e-type=\"widget\" data-widget_type=\"text-editor.default\">\n\t\t\t\t<div class=\"elementor-widget-container\">\n\t\t\t\t\t\t\t\t\t<p>Teoria em EAD &#8211; videoaulas curtas +\u00a0 pr\u00e1tica em Realidade Virtual<\/p>\t\t\t\t\t\t\t\t<\/div>\n\t\t\t\t<\/div>\n\t\t\t\t<div class=\"elementor-element elementor-element-f17edb6 elementor-widget elementor-widget-heading\" data-id=\"f17edb6\" data-element_type=\"widget\" data-e-type=\"widget\" data-widget_type=\"heading.default\">\n\t\t\t\t<div class=\"elementor-widget-container\">\n\t\t\t\t\t<h6 class=\"elementor-heading-title elementor-size-default\">Instrutores<\/h6>\t\t\t\t<\/div>\n\t\t\t\t<\/div>\n\t\t\t\t<section class=\"elementor-section elementor-inner-section elementor-element elementor-element-878372b elementor-section-boxed elementor-section-height-default elementor-section-height-default\" data-id=\"878372b\" data-element_type=\"section\" data-e-type=\"section\">\n\t\t\t\t\t\t<div class=\"elementor-container elementor-column-gap-default\">\n\t\t\t\t\t<div class=\"elementor-column elementor-col-50 elementor-inner-column elementor-element elementor-element-e5f36b3\" data-id=\"e5f36b3\" data-element_type=\"column\" data-e-type=\"column\">\n\t\t\t<div class=\"elementor-widget-wrap elementor-element-populated\">\n\t\t\t\t\t\t<div class=\"elementor-element elementor-element-74f6fe7 elementor-widget elementor-widget-image\" data-id=\"74f6fe7\" data-element_type=\"widget\" data-e-type=\"widget\" data-widget_type=\"image.default\">\n\t\t\t\t<div class=\"elementor-widget-container\">\n\t\t\t\t\t\t\t\t\t\t\t\t\t\t\t<img decoding=\"async\" width=\"1024\" height=\"821\" src=\"https:\/\/metasafety.com.br\/wp-content\/uploads\/2024\/08\/2Q3A0773-copy-1024x821.jpg\" class=\"attachment-large size-large wp-image-867\" alt=\"Deise Sprenger\" srcset=\"https:\/\/metasafety.com.br\/wp-content\/uploads\/2024\/08\/2Q3A0773-copy-1024x821.jpg 1024w, https:\/\/metasafety.com.br\/wp-content\/uploads\/2024\/08\/2Q3A0773-copy-300x240.jpg 300w, https:\/\/metasafety.com.br\/wp-content\/uploads\/2024\/08\/2Q3A0773-copy-768x615.jpg 768w, https:\/\/metasafety.com.br\/wp-content\/uploads\/2024\/08\/2Q3A0773-copy-1536x1231.jpg 1536w, https:\/\/metasafety.com.br\/wp-content\/uploads\/2024\/08\/2Q3A0773-copy-2048x1641.jpg 2048w\" sizes=\"(max-width: 1024px) 100vw, 1024px\" \/>\t\t\t\t\t\t\t\t\t\t\t\t\t\t\t<\/div>\n\t\t\t\t<\/div>\n\t\t\t\t<div class=\"elementor-element elementor-element-582fb08 elementor-widget elementor-widget-image\" data-id=\"582fb08\" data-element_type=\"widget\" data-e-type=\"widget\" data-widget_type=\"image.default\">\n\t\t\t\t<div class=\"elementor-widget-container\">\n\t\t\t\t\t\t\t\t\t\t\t\t\t\t\t<img decoding=\"async\" width=\"300\" height=\"251\" src=\"https:\/\/metasafety.com.br\/wp-content\/uploads\/2024\/08\/A6D760F9-A179-422A-96FA-48997AFDF87E_L0_001-14_08_2024-18_27_49-300x251.jpg\" class=\"attachment-medium size-medium wp-image-869\" alt=\"\" srcset=\"https:\/\/metasafety.com.br\/wp-content\/uploads\/2024\/08\/A6D760F9-A179-422A-96FA-48997AFDF87E_L0_001-14_08_2024-18_27_49-300x251.jpg 300w, https:\/\/metasafety.com.br\/wp-content\/uploads\/2024\/08\/A6D760F9-A179-422A-96FA-48997AFDF87E_L0_001-14_08_2024-18_27_49-1024x856.jpg 1024w, https:\/\/metasafety.com.br\/wp-content\/uploads\/2024\/08\/A6D760F9-A179-422A-96FA-48997AFDF87E_L0_001-14_08_2024-18_27_49-768x642.jpg 768w, https:\/\/metasafety.com.br\/wp-content\/uploads\/2024\/08\/A6D760F9-A179-422A-96FA-48997AFDF87E_L0_001-14_08_2024-18_27_49.jpg 1201w\" sizes=\"(max-width: 300px) 100vw, 300px\" \/>\t\t\t\t\t\t\t\t\t\t\t\t\t\t\t<\/div>\n\t\t\t\t<\/div>\n\t\t\t\t\t<\/div>\n\t\t<\/div>\n\t\t\t\t<div class=\"elementor-column elementor-col-50 elementor-inner-column elementor-element elementor-element-76b3591\" data-id=\"76b3591\" data-element_type=\"column\" data-e-type=\"column\">\n\t\t\t<div class=\"elementor-widget-wrap elementor-element-populated\">\n\t\t\t\t\t\t<div class=\"elementor-element elementor-element-f83c3bc elementor-widget elementor-widget-text-editor\" data-id=\"f83c3bc\" data-element_type=\"widget\" data-e-type=\"widget\" data-widget_type=\"text-editor.default\">\n\t\t\t\t<div class=\"elementor-widget-container\">\n\t\t\t\t\t\t\t\t\t<p>Deise Sprenger<\/p>\n<p><span style=\"color: #999999;\"><em>T\u00e9cnica de Seguran\u00e7a do Trabalho, Engenheira de Produ\u00e7\u00e3o, Engenheira de Seguran\u00e7a do Trabalho<\/em><\/span><\/p>\t\t\t\t\t\t\t\t<\/div>\n\t\t\t\t<\/div>\n\t\t\t\t<div class=\"elementor-element elementor-element-8dae985 elementor-widget elementor-widget-text-editor\" data-id=\"8dae985\" data-element_type=\"widget\" data-e-type=\"widget\" data-widget_type=\"text-editor.default\">\n\t\t\t\t<div class=\"elementor-widget-container\">\n\t\t\t\t\t\t\t\t\t<p>Yuri Machado<\/p>\n<p><em style=\"color: #999999;\">T\u00e9cnico de Seguran\u00e7a do Trabalho, Engenheiro de Produ\u00e7\u00e3o,\u00a0<\/em><span style=\"color: #999999;\"><em>Engenheiro de Seguran\u00e7a do Trabalho<\/em><\/span><\/p>\t\t\t\t\t\t\t\t<\/div>\n\t\t\t\t<\/div>\n\t\t\t\t\t<\/div>\n\t\t<\/div>\n\t\t\t\t\t<\/div>\n\t\t<\/section>\n\t\t\t\t\t<\/div>\n\t\t<\/div>\n\t\t\t\t\t<\/div>\n\t\t<\/section>\n\t\t\t\t<section class=\"elementor-section elementor-top-section elementor-element elementor-element-e633a9c elementor-section-boxed elementor-section-height-default elementor-section-height-default\" data-id=\"e633a9c\" data-element_type=\"section\" data-e-type=\"section\">\n\t\t\t\t\t\t<div class=\"elementor-container elementor-column-gap-default\">\n\t\t\t\t\t<div class=\"elementor-column elementor-col-100 elementor-top-column elementor-element elementor-element-cba9ad4\" data-id=\"cba9ad4\" data-element_type=\"column\" data-e-type=\"column\">\n\t\t\t<div class=\"elementor-widget-wrap elementor-element-populated\">\n\t\t\t\t\t\t<div class=\"elementor-element elementor-element-22113ed elementor-widget elementor-widget-heading\" data-id=\"22113ed\" data-element_type=\"widget\" data-e-type=\"widget\" data-widget_type=\"heading.default\">\n\t\t\t\t<div class=\"elementor-widget-container\">\n\t\t\t\t\t<h6 class=\"elementor-heading-title elementor-size-default\">investimento<\/h6>\t\t\t\t<\/div>\n\t\t\t\t<\/div>\n\t\t\t\t<div class=\"elementor-element elementor-element-d87c7d7 elementor-widget elementor-widget-text-editor\" data-id=\"d87c7d7\" data-element_type=\"widget\" data-e-type=\"widget\" data-widget_type=\"text-editor.default\">\n\t\t\t\t<div class=\"elementor-widget-container\">\n\t\t\t\t\t\t\t\t\t<p>R$ 197,00 em at\u00e9 3x sem juros (cart\u00e3o de cr\u00e9dito, pix ou boleto)<\/p>\t\t\t\t\t\t\t\t<\/div>\n\t\t\t\t<\/div>\n\t\t\t\t\t<\/div>\n\t\t<\/div>\n\t\t\t\t\t<\/div>\n\t\t<\/section>\n\t\t\t\t<section class=\"elementor-section elementor-top-section elementor-element elementor-element-27f34b4 elementor-section-boxed elementor-section-height-default elementor-section-height-default\" data-id=\"27f34b4\" data-element_type=\"section\" data-e-type=\"section\">\n\t\t\t\t\t\t<div class=\"elementor-container elementor-column-gap-default\">\n\t\t\t\t\t<div class=\"elementor-column elementor-col-100 elementor-top-column elementor-element elementor-element-1297ae6\" data-id=\"1297ae6\" data-element_type=\"column\" data-e-type=\"column\">\n\t\t\t<div class=\"elementor-widget-wrap elementor-element-populated\">\n\t\t\t\t\t\t<div class=\"elementor-element elementor-element-8ec7079 elementor-align-center elementor-widget elementor-widget-button\" data-id=\"8ec7079\" data-element_type=\"widget\" data-e-type=\"widget\" data-widget_type=\"button.default\">\n\t\t\t\t<div class=\"elementor-widget-container\">\n\t\t\t\t\t\t\t\t\t<div class=\"elementor-button-wrapper\">\n\t\t\t\t\t<a class=\"elementor-button elementor-button-link elementor-size-sm elementor-animation-pulse\" href=\"https:\/\/pay.kiwify.com.br\/9MaZSCb\">\n\t\t\t\t\t\t<span class=\"elementor-button-content-wrapper\">\n\t\t\t\t\t\t\t\t\t<span class=\"elementor-button-text\">CLIQUE PARA ADQUIRIR SEU TREINAMENTO DE NR35<\/span>\n\t\t\t\t\t<\/span>\n\t\t\t\t\t<\/a>\n\t\t\t\t<\/div>\n\t\t\t\t\t\t\t\t<\/div>\n\t\t\t\t<\/div>\n\t\t\t\t<div class=\"elementor-element elementor-element-83e027a elementor-widget elementor-widget-text-editor\" data-id=\"83e027a\" data-element_type=\"widget\" data-e-type=\"widget\" data-widget_type=\"text-editor.default\">\n\t\t\t\t<div class=\"elementor-widget-container\">\n\t\t\t\t\t\t\t\t\t<p><em>In\u00edcio imediato &#8211;\u00a0<\/em><em>Emiss\u00e3o do certificado ap\u00f3s finaliza\u00e7\u00e3o do treinamento.<\/em><\/p><p><span style=\"color: #999999;\"><i>** m\u00ednimo 6 pessoas por empresa<\/i><\/span><\/p>\t\t\t\t\t\t\t\t<\/div>\n\t\t\t\t<\/div>\n\t\t\t\t\t<\/div>\n\t\t<\/div>\n\t\t\t\t\t<\/div>\n\t\t<\/section>\n\t\t\t\t<section class=\"elementor-section elementor-top-section elementor-element elementor-element-06e50a2 elementor-section-boxed elementor-section-height-default elementor-section-height-default\" data-id=\"06e50a2\" data-element_type=\"section\" data-e-type=\"section\">\n\t\t\t\t\t\t<div class=\"elementor-container elementor-column-gap-default\">\n\t\t\t\t\t<div class=\"elementor-column elementor-col-100 elementor-top-column elementor-element elementor-element-72d289e\" data-id=\"72d289e\" data-element_type=\"column\" data-e-type=\"column\">\n\t\t\t<div class=\"elementor-widget-wrap\">\n\t\t\t\t\t\t\t<\/div>\n\t\t<\/div>\n\t\t\t\t\t<\/div>\n\t\t<\/section>\n\t\t\t\t<section class=\"elementor-section elementor-top-section elementor-element elementor-element-b4d9df2 elementor-section-boxed elementor-section-height-default elementor-section-height-default\" data-id=\"b4d9df2\" data-element_type=\"section\" data-e-type=\"section\">\n\t\t\t\t\t\t<div class=\"elementor-container elementor-column-gap-default\">\n\t\t\t\t\t<div class=\"elementor-column elementor-col-100 elementor-top-column elementor-element elementor-element-a685f5c\" data-id=\"a685f5c\" data-element_type=\"column\" data-e-type=\"column\">\n\t\t\t<div class=\"elementor-widget-wrap elementor-element-populated\">\n\t\t\t\t\t\t<div class=\"elementor-element elementor-element-27595f7 elementor-widget elementor-widget-text-editor\" data-id=\"27595f7\" data-element_type=\"widget\" data-e-type=\"widget\" data-widget_type=\"text-editor.default\">\n\t\t\t\t<div class=\"elementor-widget-container\">\n\t\t\t\t\t\t\t\t\t<p style=\"text-align: center;\"><span style=\"color: #ffffff;\"><strong><br><\/strong><\/span><\/p><p style=\"text-align: center;\"><span style=\"color: #ffffff;\"><strong>Quer ter uma licen\u00e7a do nosso&nbsp;<em>game<\/em>&nbsp;para usar em seus treinamentos?<\/strong><\/span><\/p>\n<p style=\"text-align: center;\"><span style=\"color: #ffffff;\"><strong>Entre em contato para receber uma cota\u00e7\u00e3o.&nbsp;<\/strong><\/span><\/p>\t\t\t\t\t\t\t\t<\/div>\n\t\t\t\t<\/div>\n\t\t\t\t\t<\/div>\n\t\t<\/div>\n\t\t\t\t\t<\/div>\n\t\t<\/section>\n\t\t\t\t<\/div>\n\t\t","protected":false},"excerpt":{"rendered":"<p>Trabalhado em altura Teoria em EAD\u00a0 e pr\u00e1tica em Realidade Virtual &#8211; 08 horas &#8211; instrutores especializados Clique para adquirir https:\/\/youtu.be\/f9CjwkSnPBQ?si=LU1dkG8f17jH7AYh As atividades realizadas em trabalho em altura est\u00e3o entre as que apresentam maior potencial de gravidade em caso de acidente, exigindo planejamento rigoroso, capacita\u00e7\u00e3o adequada e cumprimento dos requisitos legais estabelecidos pela NR-35. Este [&hellip;]<\/p>\n","protected":false},"author":1,"featured_media":0,"parent":0,"menu_order":0,"comment_status":"closed","ping_status":"closed","template":"","meta":{"om_disable_all_campaigns":false,"_monsterinsights_skip_tracking":false,"_monsterinsights_sitenote_active":false,"_monsterinsights_sitenote_note":"","_monsterinsights_sitenote_category":0,"_uf_show_specific_survey":0,"_uf_disable_surveys":false,"footnotes":""},"class_list":["post-1068","page","type-page","status-publish","hentry"],"aioseo_notices":[],"post_mailing_queue_ids":[],"_links":{"self":[{"href":"https:\/\/metasafety.com.br\/index.php\/wp-json\/wp\/v2\/pages\/1068","targetHints":{"allow":["GET"]}}],"collection":[{"href":"https:\/\/metasafety.com.br\/index.php\/wp-json\/wp\/v2\/pages"}],"about":[{"href":"https:\/\/metasafety.com.br\/index.php\/wp-json\/wp\/v2\/types\/page"}],"author":[{"embeddable":true,"href":"https:\/\/metasafety.com.br\/index.php\/wp-json\/wp\/v2\/users\/1"}],"replies":[{"embeddable":true,"href":"https:\/\/metasafety.com.br\/index.php\/wp-json\/wp\/v2\/comments?post=1068"}],"version-history":[{"count":7,"href":"https:\/\/metasafety.com.br\/index.php\/wp-json\/wp\/v2\/pages\/1068\/revisions"}],"predecessor-version":[{"id":1076,"href":"https:\/\/metasafety.com.br\/index.php\/wp-json\/wp\/v2\/pages\/1068\/revisions\/1076"}],"wp:attachment":[{"href":"https:\/\/metasafety.com.br\/index.php\/wp-json\/wp\/v2\/media?parent=1068"}],"curies":[{"name":"wp","href":"https:\/\/api.w.org\/{rel}","templated":true}]}}